5862059?
2
What is the hundreds digit of 2708706?
7
What is the thousands digit of 204209?
4
What is the ten thousands digit of 4162829?
6
What is the tens digit of 4678528?
2
What is the thousands digit of 6164562?
4
What is the ten thousands digit of 982692?
8
What is the hundred thousands digit of 1122527?
1
What is the thousands digit of 11493157?
3
What is the units digit of 608414?
4
What is the millions digit of 2705303?
2
What is the units digit of 438017?
7
What is the hundreds digit of 1169882?
8
What is the ten thousands digit of 1694204?
9
What is the thousands digit of 1407085?
7
What is the tens digit of 9237714?
1
What is the thousands digit of 466964?
6
What is the units digit of 343675?
5
What is the thousands digit of 332263?
2
What is the tens digit of 848136?
3
What is the tens digit of 72628?
2
What is the hundreds digit of 110604?
6
What is the hundred thousands digit of 940414?
9
What is the thousands digit of 290776?
0
What is the thousands digit of 804268?
4
What is the hundreds digit of 931510?
5
What is the units digit of 2024868?
8
What is the units digit of 29332?
2
What is the hundreds digit of 916603?
6
What is the millions digit of 1582262?
1
What is the hundreds digit of 501017?
0
What is the thousands digit of 21391?
1
What is the thousands digit of 376535?
6
What is the hundreds digit of 97396?
3
What is the thousands digit of 5806327?
6
What is the units digit of 131405?
5
What is the hundreds digit of 347229?
2
What is the hundreds digit of 22165869?
8
What is the millions digit of 7862078?
7
What is the ten thousands digit of 158491?
5
What is the thousands digit of 15953561?
3
What is the hundred thousands digit of 189444?
1
What is the hundred thousands digit of 170811?
1
What is the units digit of 1217634?
4
What is the hundreds digit of 62625?
6
What is the tens digit of 10251741?
4
What is the thousands digit of 2382986?
2
What is the millions digit of 3992904?
3
What is the ten thousands digit of 445907?
4
What is the ten thousands digit of 3622775?
2
What is the units digit of 569553?
3
What is the tens digit of 378473?
7
What is the thousands digit of 38530113?
0
What is the thousands digit of 299910?
9
What is the hundred thousands digit of 34715669?
7
What is the units digit of 226793?
3
What is the thousands digit of 41030?
1
What is the millions digit of 3500570?
3
What is the units digit of 19009160?
0
What is the hundreds digit of 19006776?
7
What is the millions digit of 42695967?
2
What is the ten thousands digit of 2531189?
3
What is the thousands digit of 410710?
0
What is the millions digit of 27864033?
7
What is the ten thousands digit of 77300?
7
What is the ten thousands digit of 235056?
3
What is the units digit of 209540?
0
What is the thousands digit of 180750?
0
What is the hundred thousands digit of 139863?
1
What is the thousands digit of 326191?
6
What is the units digit of 103211?
1
What is the hundreds digit of 24834295?
2
What is the ten thousands digit of 573444?
7
What is the ten thousands digit of 45846?
4
What is the ten thousands digit of 992037?
9
What is the thousands digit of 504186?
4
What is the ten thousands digit of 3006495?
0
What is the units digit of 374896?
6
What is the hundred thousands digit of 1085090?
0
What is the ten millions digit of 40324195?
4
What is the hundred thousands digit of 6301961?
3
What is the units digit of 222409?
9
What is the ten thousands digit of 1598580?
9
What is the millions digit of 1046026?
1
What is the ten thousands digit of 381482?
8
What is the ten thousands digit of 1912877?
1
What is the units digit of 6709874?
4
What is the ten thousands digit of 2930859?
3
What is the millions digit of 3504651?
3
What is the units digit of 3602639?
9
What is the hundreds digit of 132617?
6
What is the hundred thousands digit of 548895?
5
What is the hundred thousands digit of 807991?
8
What is the hundred thousands digit of 416708?
4
What is the hundreds digit of 79934?
9
What is the tens digit of 3385569?
6
What is the ten millions digit of 27694691?
2
What is the tens digit of 803457?
5
What is the units digit of 64513?
3
What is the thousands digit of 826618?
6
What is the tens digit of 6776860?
6
What is the millions digit of 1111437?
1
What is the hundred thousands digit of 928402?
9
What is the thousands digit of 1180110?
0
What is the tens digit of 4113242?
4
What is the millions digit of 29284491?
9
What is the thousands digit of 120638?
0
What is the units digit of 2340841?
1
What is the tens digit of 5866879?
7
What is the hundred thousands digit of 671272?
6
What is the hundreds digit of 1326536?
5
What is the units digit of 550399?
9
What is the hundreds digit of 705281?
2
What is the units digit of 1559631?
1
What is the thousands digit of 102520?
2
What is the ten thousands digit of 2933031?
3
What is the thousands digit of 321439?
1
What is the tens digit of 419208?
0
What is the hundred thousands digit of 9113548?
1
What is the hundred thousands digit of 3118227?
1
What is the tens digit of 206876?
7
What is the ten thousands digit of 1169140?
6
What is the ten millions digit of 16401975?
1
What is the millions digit of 7332068?
7
What is the units digit of 951721?
1
What is the ten thousands digit of 612395?
1
What is the tens digit of 92228?
2
What is the hundreds digit of 6241759?
7
What is the thousands digit of 3792587?
2
What is the thousands digit of 1156712?
6
What is the thousands digit of 14948483?
8
What is the ten thousands digit of 275631?
7
What is the millions digit of 3882771?
3
What is the hundreds digit of 7857058?
0
What is the hundreds digit of 1367033?
0
What is the tens digit of 876776?
7
What is the tens digit of 99570?
7
What is the ten thousands digit of 4685520?
8
What is the ten thousands digit of 3968583?
6
What is the tens digit of 407989?
8
What is the tens digit of 11732892?
9
What is the hundreds digit of 693459?
4
What is the hundreds digit of 1094551?
5
What is the millions digit of 36053936?
6
What is the millions digit of 2257795?
2
What is the units digit of 219591?
1
What is the units digit of 38811?
1
What is the millions digit of 20771761?
0
What is the thousands digit of 584544?
4
What is the millions digit of 8442257?
8
What is the thousands digit of 8178927?
8
What is the millions digit of 2264360?
2
What is the ten thousands digit of 8681556?
8
What is the ten thousands digit of 42818?
4
What is the ten thousands digit of 585102?
8
What is the hundred thousands digit of 490280?
4
What is the thousands digit of 9299209?
9
What is the tens digit of 127799?
9
What is the millions digit of 8292040?
8
What is the hundred thousands digit of 17422746?
4
What is the ten thousands digit of 118490?
1
What is the tens digit of 60512?
1
What is the thousands digit of 2435491?
5
What is the units digit of 5527991?
1
What is the thousands digit of 179447?
9
What is the hundreds digit of 3407551?
5
What is the hundreds digit of 1128966?
9
What is the tens digit of 334218?
1
What is the thousands digit of 277528?
7
What is the tens digit of 768243?
4
What is the ten thousands digit of 158325?
5
What is the hundred thousands digit of 522173?
5
What is the units digit of 359603?
3
What is the millions digit of 1230343?
1
What is the hundred thousands digit of 356713?
3
What is the thousands digit of 790809?
0
What is the hundred thousands digit of 1477754?
4
What is the thousands digit of 91030?
1
What is the tens digit of 60697?
9
What is the thousands digit of 142647?
2
What is the hundreds digit of 7559306?
3
What is the hundreds digit of 990409?
4
What is the hundred thousands digit of 2135927?
1
What is the thousands digit of 6517852?
7
What is the ten thousands digit of 1559199?
5
What is the thousands digit of 9873223?
3
What is the thousands digit of 121556?
1
What is the hundred thousands digit of 5611642?
6
What is the hundreds digit of 7173115?
1
What is the hundreds digit of 194658?
6
What is the hundreds digit of 125065?
0
What is the tens digit of 296321?
2
What is the hundred thousands digit of 915077?
9
What is the ten millions digit of 21600939?
2
What is the ten thousands digit of 218417?
1
What is the units digit of 900038?
8
What is the hundreds digit of 3369856?
8
What 